+ 4*s, -2*l + 51 = -4*s + 1. Suppose 0 = 2*o - l - 77. Suppose 2*t - o = -0*t. What is the remainder when 73 is divided by t?
23
Let j(f) = f**3 + 0 - 9*f - 10*f**2 + 2*f**2 - 2*f**3 + 3. Suppose -7*s + 12 = -5*s. Calculate the remainder when j(-7) is divided by s.
5
Suppose -3*f + 16 = 4*j, 0 = -2*f - 0*f - 4*j + 12. Calculate the remainder when 55 is divided by f.
3
Let x be ((-500)/6)/((-5)/15). Suppose 9*u = 4*u + x. What is the remainder when u is divided by 17?
16
What is the remainder when ((-1284)/42 - -6)/(6/(-21)) is divided by 33?
20
Suppose 0 = -4*d + u + 3*u + 292, -2*d + 166 = 2*u. Let f = 10087 - 10071. Calculate the remainder when d is divided by f.
14
Let z(t) = 2*t - 9. Let c be z(6). Suppose 9*x = 7*x + 2. What is the remainder when 13 is divided by (-150)/(-18) - x/c?
5
Let x be -4 + 3/(4/4) + 36. What is the remainder when (539/x)/(2/10) is divided by (-2)/2*(-14 + 1)?
12
Let n(u) = -2*u - 9. Let s be n(-6). Suppose -s = -3*a + 21. Let k = a - 1. Calculate the remainder when k is divided by 3.
1
Let z(o) = -8*o + 128. Let r(l) = 2*l**2 + 6*l + 2. What is the remainder when z(10) is divided by r(-4)?
8
What is the remainder when 51 is divided by (-1 + 3 - -56)/2?
22
Calculate the remainder when (418/33)/(33/27 + -1) is divided by 56.
1
Suppose -4*q + 1131 - 1091 = 0. What is the remainder when 119 is divided by q?
9
Let k = 35 + -29. Let d be 53 + 3/k*-6. Suppose -d = -l + 9. Calculate the remainder when l is divided by 15.
14
Let s be (-141*1)/(-8 + 7). Let o = -101 + s. What is the remainder when o is divided by 9?
4
Suppose -286 = -2*i + 10. Suppose -14*o = -18*o + i. What is the remainder when 72 is divided by o?
35
Suppose 5*z + 145 = -5*p, 5*z - 3*p + 136 = -5*p. Let o be 1 + -1*(-2 - -1). Let t = o - z. What is the remainder when 109 is divided by t?
25
Let r = -101 - -140. What is the remainder when r is divided by (-9)/(-1) + 2 + -1?
9
Let a = 172 - 77. Calculate the remainder when a is divided by (294/(-18))/(-7) + (-213)/(-9) + 6.
31
Let l = 20 + -5. Let i(s) = -18*s + 4. What is the remainder when i(-3) is divided by l?
13
Suppose 2*p + 27 = w, 3*p - 3*w + 6*w + 54 = 0. Let g(k) = k**3 + 16*k**2 + 12*k - 31. Calculate the remainder when 69 is divided by g(p).
13
Suppose 3*a + v - 19 = -4, -a = 2*v. Let s(i) = i**2 - 13*i + 55. Calculate the remainder when s(7) is divided by a.
1
Suppose -136 = 10*c - 18*c. Calculate the remainder when 81 is divided by c.
13
Let m(b) = b**2 - 2*b + 5. Calculate the remainder when 136 is divided by m(4).
6
Let h(u) = -2*u - 1. Suppose -3*f + 23 = 4*z, 11*z + 5*f = 3*z + 41. Calculate the remainder when h(-3) is divided by z.
1
Suppose b = 3*t + 13, -3*t = -t - 2. Let o(p) = p**3 - 21*p**2 - 47*p + 77. What is the remainder when o(23) is divided by b?
6
Suppose 26*m - 302 = 686. What is the remainder when m is divided by 14?
10
Suppose 5*j - 5*d = 245, 5*d - 67 = -0*j - j. Let x be 1 - -2 - (-9 + 9). Let r = x - -24. Calculate the remainder when j is divided by r.
25
Suppose -5*y + 460 + 748 = -3*h, 0 = 5*y - 4*h - 1209. What is the remainder when y is divided by 81?
79
What is the remainder when 53 is divided by 24 + 18/27*-15?
11
What is the remainder when 405 - (10/3 + 8/(-24)) is divided by 29?
25
Suppose -5*f + 14 + 6 = 0. Let k(u) = 4*u**2 - 5*u + 2. Calculate the remainder when k(3) is divided by 3 + f/((-20)/(-25)).
7
Suppose -3*b = -c - 34, 2*b - 4*c + 6*c = 20. Let v(d) = 11*d - 11. What is the remainder when v(b) is divided by 19?
15
Let n(d) = 9*d**2 - 2*d - 2. Let x be n(2). Suppose 2*l + 12 = x. What is the remainder when 46 is divided by (-147)/(-9) + (-3)/l?
14
Let r be ((-1)/(-2) - 2)*(0 + -2). Suppose r*d - 17 = -3*k + 2*k, 2*d = 2*k + 22. What is the remainder when 26 is divided by d?
5
What is the remainder when 94 is divided by (-1 + 3)*(12 - 16/2)?
6
Suppose -n + 0 + 6 = v, -18 = -n - 5*v. Suppose -4*b = h - 0*h - 14, -2*h - n*b = -18. Calculate the remainder when h is divided by 2.
0
Suppose 2706 = 162*w + 438. Suppose 2*h - 100 = -2*h. Calculate the remainder when h is divided by w.
11
Let z(b) = -15*b + 85. Let c be z(9). Let g(s) = 20*s**2 + 4*s + 3. Let n be g(-2). Let o = n + c. What is the remainder when o is divided by 14?
11
Suppose 241 = 2*l + p + 28, -3*l = 5*p - 330. Suppose 0 = -2*u + 5*u - l. Calculate the remainder when 66 is divided by u.
31
Suppose -4*i + 4 = -3*i. Suppose 47 + 77 = i*k. Calculate the remainder when 90 is divided by k.
28
Suppose -2705 = 901*p - 906*p. Calculate the remainder when p is divided by 14.
9
Suppose 5*v = 20, 3*v = 2*z + v - 32. Suppose 3*i = 32 + 88. Suppose -o - o + 3*g + 25 = 0, 4*o + 4*g = i. What is the remainder when z is divided by o?
9
Suppose 0*t - 4*i - 138 = -2*t, 2*t + 3*i - 110 = 0. Calculate the remainder when 114 is divided by t.
53
Let w = -495 - -533. Let k = 6 + 69. What is the remainder when k is divided by w?
37
Let j(b) = 8*b - 13. Let o(d) = 7*d - 12. Let s(a) = 3*j(a) - 4*o(a). Let q be ((-120)/(-72))/(1/(-3)*1). Calculate the remainder when 115 is divided by s(q).
28
Suppose 0 = -p - 5*p + 30. Let g = p - -22. Calculate the remainder when g is divided by 14.
13
Let r = 25 - 28. Let g be -6 - -8 - (-3 - r). Suppose -3*m + g*h = -34, -2*m + h = -25 + 1. What is the remainder when 41 is divided by m?
13
Suppose -6*l + 3*l = -2*o - 105, l - 39 = 2*o. Calculate the remainder when 149 is divided by l.
17
Let h be ((-21)/(-6) - 2) + 105/6. Let w = -93 + 136. What is the remainder when w is divided by h + (0 + -6 - -2)?
13
Let q = -12 + 15. What is the remainder when 40 is divided by 2/2*q - -3?
4
Calculate the remainder when 51 is divided by 0 + 1 + -2 + (151 - 140).
1
Suppose -5*w + 5*z = -5675, 2*w = -0*w - 5*z + 2298. Calculate the remainder when w is divided by 15.
14
Let s(q) = 5*q**2 - 34*q + 26. What is the remainder when 192 is divided by s(8)?
44
Let a(o) = 7*o**2 + o + 16. Let j be a(11). Suppose -12*n = 298 - j. What is the remainder when n is divided by 17?
14
Suppose 0 = -4*u + 5*u - 59. Calculate the remainder when u is divided by 15.
14
Calculate the remainder when 340 is divided by 92 + (-6)/(-1) - 9.
73
Suppose -6*h - 20 = 3*y - 2*h, 0 = -y - 3*h - 10. Calculate the remainder when 75 is divided by (6/y)/((-33)/286).
10
Let p = 2917 + -2898. What is the remainder when 206 is divided by p?
16
Let j(b) = 12 - 15 - 4*b**3 + 3*b**3 + 5*b + 2*b**2. Let h be j(3). Let x(p) = p**2 + 2. Calculate the remainder when 39 is divided by x(h).
6
Let a(m) = -m**3 + 9*m**2 - 5*m - 15. Suppose -65 = -8*x - 1. Let g(v) = -v - 2. Calculate the remainder when a(x) is divided by g(-6).
1
Let k = 266 + -178. What is the remainder when k is divided by 15?
13
Let o(u) = 18*u - 1. Let g(t) = -t. Let n(p) = 22*g(p) + 2*o(p). Suppose 8*h - 22 = 66. Calculate the remainder when n(4) is divided by h.
10
Suppose 2*o = 3*w + 7*o - 177, -2*w + 118 = o. What is the remainder when w is divided by 36?
23
Let n = -251 + 317. What is the remainder when 256 is divided by n?
58
Let a = -84 + 67. Let h = a + 21. What is the remainder when h is divided by 4?
0
Let m(q) = q**3 - 5*q**2 - 5*q + 4. Let h be m(6). Let s = h - 22. Calculate the remainder when 4/(-24) + (-818)/s is divided by 23.
22
Suppose 7*w = 251 + 8. Calculate the remainder when 146 is divided by w.
35
Suppose 3*b - 32 - 85 = 0. What is the remainder when b is divided by (1672/21)/4 + 58/609?
19
Let i = 45 + -63. Let j(f) = f + 35. Calculate the remainder when 84 is divided by j(i).
16
Let t = 179 - 138. What is the remainder when t is divided by 7?
6
Let c = -17 - -24. Suppose -53 = -5*z + c. Calculate the remainder when 44 is divided by z.
8
What is the remainder when 171 is divided by (-2)/((10 + -11)/((-43)/(-2)))?
42
Suppose 2*g = 214 - 26. Suppose z - g = -i, -2*z = 5*i - z - 458. What is the remainder when i is divided by 23?
22
Let d(k) = 24*k**2 + 11*k + 9. Calculate the remainder when (-2 + 5)*82/6 is divided by d(-1).
19
Suppose -5*l = -133 - 127. What is the remainder when l is divided by 28?
24
Let b = -161 + 176. Calculate the remainder when 5/(30/27)*12/2 is divided by b.
12
Let i(v) = -14*v + 1. Suppose 3*m = -182 + 11. Let g = -51 - m. What is the remainder when i(-1) is divided by g?
3
Let k = 62 - -21. Suppose -h + 21 = -0. What is th